 17654.
1683
What is the remainder when 35524239 is divided by 36510?
9
Calculate the remainder when 12398394 is divided by 16.
10
What is the remainder when 227859 is divided by 75862?
273
What is the remainder when 335355094 is divided by 20?
14
Calculate the remainder when 34025953 is divided by 19980.
13
What is the remainder when 445643 is divided by 1564?
1467
What is the remainder when 138498 is divided by 13666?
1838
What is the remainder when 1717594 is divided by 7702?
48
What is the remainder when 26436044 is divided by 542?
536
Calculate the remainder when 24875742 is divided by 412.
6
Calculate the remainder when 830613 is divided by 1076.
1017
Calculate the remainder when 1737302 is divided by 642.
50
What is the remainder when 38261838 is divided by 11?
10
What is the remainder when 846287 is divided by 10578?
47
What is the remainder when 403017 is divided by 100750?
17
Calculate the remainder when 150459854 is divided by 10030656.
14
What is the remainder when 112803756 is divided by 352?
76
Calculate the remainder when 22601 is divided by 619.
317
What is the remainder when 198509228 is divided by 454?
452
Calculate the remainder when 3985490 is divided by 453.
449
What is the remainder when 54382981 is divided by 10876588?
41
What is the remainder when 200285 is divided by 2721?
1652
What is the remainder when 37777081 is divided by 4197450?
31
Calculate the remainder when 626408 is divided by 2621.
2610
Calculate the remainder when 1590295 is divided by 180.
175
Calculate the remainder when 6532364 is divided by 388.
384
Calculate the remainder when 11319772 is divided by 821.
645
What is the remainder when 261959 is divided by 37420?
19
What is the remainder when 156392 is divided by 2528?
2184
What is the remainder when 22675967 is divided by 222?
221
What is the remainder when 731639 is divided by 1335?
59
Calculate the remainder when 100591 is divided by 11130.
421
Calculate the remainder when 3572539 is divided by 205.
4
What is the remainder when 574032 is divided by 578?
78
What is the remainder when 2813298 is divided by 1008?
978
What is the remainder when 485515 is divided by 2474?
611
What is the remainder when 2085785 is divided by 109774?
79
What is the remainder when 227921 is divided by 878?
519
Calculate the remainder when 19217513 is divided by 1085.
1078
What is the remainder when 81111 is divided by 12970?
3291
Calculate the remainder when 680749626 is divided by 506.
502
Calculate the remainder when 272858 is divided by 925.
908
Calculate the remainder when 9319 is divided by 1510.
259
What is the remainder when 179143 is divided by 109?
56
Calculate the remainder when 222067 is divided by 7150.
417
What is the remainder when 49655895 is divided by 988?
3
Calculate the remainder when 2262667 is divided by 377078.
199
Calculate the remainder when 3497734 is divided by 46.
32
What is the remainder when 22389 is divided by 387?
330
What is the remainder when 67330 is divided by 60?
10
Calculate the remainder when 357674 is divided by 372.
182
Calculate the remainder when 15560176 is divided by 7726.
12
What is the remainder when 70610 is divided by 236?
46
Calculate the remainder when 140520 is divided by 27927.
885
Calculate the remainder when 1240735 is divided by 20010.
115
What is the remainder when 16307262 is divided by 13?
10
Calculate the remainder when 380159201 is divided by 87.
86
Calculate the remainder when 183147 is divided by 800.
747
Calculate the remainder when 64975239 is divided by 69.
9
What is the remainder when 1129944 is divided by 3522?
2904
What is the remainder when 1813208 is divided by 5756?
68
What is the remainder when 732220 is divided by 24?
4
Calculate the remainder when 232679 is divided by 232678.
1
Calculate the remainder when 29027 is divided by 915.
662
What is the remainder when 637973 is divided by 6197?
5879
What is the remainder when 3212567 is divided by 321250?
67
What is the remainder when 23403625 is divided by 61?
60
Calculate the remainder when 162700443 is divided by 1232579.
15
What is the remainder when 14969058 is divided by 7484390?
278
What is the remainder when 30268 is divided by 15119?
30
Calculate the remainder when 117099733 is divided by 104.
101
Calculate the remainder when 518755 is divided by 803.
17
What is the remainder when 3775676 is divided by 1710?
1706
Calculate the remainder when 258837 is divided by 4579.
2413
What is the remainder when 26744253 is divided by 2412?
2409
Calculate the remainder when 3423662 is divided by 3423408.
254
Calculate the remainder when 386721 is divided by 386711.
10
Calculate the remainder when 4769906 is divided by 529989.
5
Calculate the remainder when 1365591 is divided by 167.
32
What is the remainder when 2746814 is divided by 1373398?
18
What is the remainder when 39720 is divided by 5614?
422
What is the remainder when 359645 is divided by 1721?
1677
What is the remainder when 35778605 is divided by 1277807?
9
Calculate the remainder when 14381535 is divided by 135.
120
Calculate the remainder when 31758 is divided by 2243.
356
What is the remainder when 1056309 is divided by 15?
9
What is the remainder when 1452862 is divided by 484254?
100
What is the remainder when 1496944 is divided by 2726?
370
What is the remainder when 192270 is divided by 96127?
16
Calculate the remainder when 20616480 is divided by 213.
210
What is the remainder when 16108939 is divided by 24?
19
Calculate the remainder when 2104713 is divided by 75167.
37
Calculate the remainder when 17764 is divided by 819.
565
Calculate the remainder when 149227814 is divided by 15.
14
Calculate the remainder when 1357795 is divided by 600.
595
Calculate the remainder when 60136536 is divided by 2559.
36
Calculate the remainder when 631788 is divided by 23399.
15
What is the remainder when 3753117 is divided by 469139?
5
Calculate the remainder when 4734504 is divided by 6.
0
What is the remainder when 2548111 is divided by 130?
111
What is the remainder when 10157412 is divided by 6021?
6006
What is the remainder when 313113874 is divided by 14910184?
10
Calculate the remainder when 27922873 is divided by 284927.
27
Calculate the remainder when 29964239 is divided by 1866.
11
What is the remainder when 1108105 is divided by 20518?
133
Calculate the remainder when 98210 is divided by 1899.
1361
Calculate the remainder when 2095932 is divided by 74853.
48
What is the remainder when 332312 is divided by 1621?
7
What is the remainder when 266468 is divided by 15673?
27
What is the remainder when 4777416 is divided by 1184?
1160
Calculate the remainder when 2351115 is divided by 18.
9
Calculate the remainder when 72955 is divided by 72906.
49
What is the remainder when 6963568 is divided by 1879?
1873
What is the remainder when 45647 is divided by 5268?
3503
What is the remainder when 4204594 is divided by 350369?
166
Calculate the remainder when 13261 is divided by 3320.
3301
What is the remainder when 8532866 is divided by 948096?
2
What is the remainder when 77412506 is divided by 3321?
3317
What is the remainder when 20089058 is divided by 2511131?
10
What is the remainder when 49768341 is divided by 7935?
21
What is the remainder when 561471 is divided by 111?
33
What is the remainder when 39097998 is divided by 250?
248
Calculate the remainder when 25593 is divided by 899.
421
Calculate the remainder when 54469538 is divided by 580.
578
What is the remainder when 214535 is divided by 4572?
4223
What is the remainder when 483483986 is divided by 3809?
3807
Calculate the remainder when 55498454 is divided by 165667.
9
What is the remainder when 428539 is divided by 768?
763
What is the remainder when 4630726 is divided by 201322?
320
What is the remainder when 146223 is divided by 2343?
957
Calculate the remainder when 11931532 is divided by 609.
4
What is the remainder when 2353860 is divided by 138?
132
Calculate the remainder when 2403006 is divided by 90.
6
Calculate the remainder when 2250452 is divided by 8904.
6644
Calculate the remainder when 16123852 is divided by 133.
129
Calculate the remainder when 5722920 is divided by 65033.
16
What is the remainder when 191614 is divided by 87?
40
What is the remainder when 6417732 is div